 2*t - 41013 = 3*l, -2046 - 100444 = -5*t - l. List the prime factors of t.
3, 6833
Suppose 0 = 6*s - 26 + 26. Suppose 5*v + 0*v - 1200 = s. What are the prime factors of v?
2, 3, 5
Let u = 33750 - -14329. What are the prime factors of u?
48079
Let r(j) = -j**2 - 21*j - 51. Let t be r(-18). Suppose 2502 = t*a - 2*v + 7*v, -3*a + 3*v + 2478 = 0. List the prime factors of a.
829
Suppose -2*o - 171 = -3*a + 1136, -5*a + 2174 = o. Let k(s) = 11*s**2 + 30*s - 5. Let g be k(5). Suppose -a = -5*t + g. What are the prime factors of t?
3, 19
Let d be 4/30 - 116*248/(-240). Suppose l - 95 = d. List the prime factors of l.
5, 43
Suppose 2603 + 846 = 3*w - 2*r, r = -2*w + 2297. List the prime factors of w.
3, 383
Let y(t) = t**3 - 25*t**2 - 25*t - 18. Let c be y(26). Suppose c*u = 2*u + 1596. List the prime factors of u.
2, 7, 19
Suppose -139*s - 1670 = 415. Suppose -4*v + 3*q = 326, 4*v - 4*q = -0*q - 324. Let y = s - v. What are the prime factors of y?
2, 17
Suppose 0 = -5*b + 45838 - 8868. List the prime factors of b.
2, 3697
Suppose 30955 = 40*g + 6155. List the prime factors of g.
2, 5, 31
Suppose -85 + 1 = 3*d. Let t be d/(-5)*(-20)/(-8). Let b(w) = 9*w + 20. What are the prime factors of b(t)?
2, 73
Suppose -584*p - 5*z - 151720 = -589*p, -4*z = -5*p + 151721. What are the prime factors of p?
3, 5, 7, 17
Suppose 65747 + 259249 = 21*m - 9*m. List the prime factors of m.
7, 53, 73
Suppose -4338 = 12*n + 2310. Let b = 912 + n. List the prime factors of b.
2, 179
Let j be (-12)/(-2)*1 - 761. Let h = j - -1788. What are the prime factors of h?
1033
Suppose 23248063 - 13979341 = 441*o - 21586725. List the prime factors of o.
31, 37, 61
Suppose 3*t + 23 = 2*h, t - 7 = h - 4*h. List the prime factors of 7772/435 - h/(-30).
2, 3
Let g = -31 - -45. Suppose g*j + 93 = 17*j. Suppose j = -r + 96. What are the prime factors of r?
5, 13
Let r(b) = -b**3 - 13*b**2 + 3*b + 32. Let v be r(-14). Let h = v + 1109. What are the prime factors of h?
5, 7, 37
Suppose 3848 - 1352 = 2*x. Suppose 11*y - x - 281 = 0. List the prime factors of y.
139
Suppose -16*z + 17*z = 2*b, 0 = 2*b - 4. What are the prime factors of 237 + 0 + (-9 - (-8 + z))?
2, 29
Suppose -3*x = -5 + 20. Let h(a) = -12*a - 28. Let p be h(x). Let m = p + 64. What are the prime factors of m?
2, 3
Let u = -407 - -409. Suppose -l = 5, 3*l - 939 = -u*z + 6*l. List the prime factors of z.
2, 3, 7, 11
Let f = 204 - 104. Suppose -f*p + 4 = -102*p. What are the prime factors of p/(-3) + 2716/12?
227
Let l = 51 - 51. Suppose -4*s + 0*s - 24 = l. What are the prime factors of (s + 1)*(-76)/4?
5, 19
Let y be (-1 - -2) + 8/((-24)/(-15)). Suppose 2055 = y*q - 3825. List the prime factors of q.
2, 5, 7
Suppose 3*s - 14 + 2 = 0. What are the prime factors of 6/15 - (-8072)/20 - s?
2, 5
Suppose -18*v = 24*v - v - 109265. List the prime factors of v.
5, 13, 41
Let q = 9010 - 3818. What are the prime factors of q?
2, 11, 59
Let k(h) = -5*h - 40. Let x be k(-8). Suppose 3*r - z + 256 = x, r + r + 5*z + 165 = 0. Let o = r - -194. What are the prime factors of o?
109
Let c be (-6 - -13)/((-1)/2). Let m be (-119)/c*(52 + (-2 - -2)). List the prime factors of (-1)/(-2 - m/(-222)).
3, 37
What are the prime factors of ((-2685)/4)/(6/(-240) - 0)?
2, 3, 5, 179
Suppose -84 = -9*m - 129. What are the prime factors of (-766)/4*(7 + m + -8)?
3, 383
Let n be 4/(-5) + 28512/40. Suppose -220 = 3*k + 5*t - 1314, 2*k - n = t. Suppose -3*q - 91 = -j - k, 459 = 5*q + 3*j. What are the prime factors of q?
2, 3, 5
Suppose 6*x + 2 = 4*x. Let c be (-3)/(x - -2) - -8. Suppose 20 = -5*k - c, -2*k + 155 = 5*y. What are the prime factors of y?
3, 11
Let w be (7 - (-51)/(-9))/((-2)/15). What are the prime factors of (1/(w/1272))/(30/(-200))?
2, 53
Let j(r) = r**3 - 13*r**2 + 14*r + 10. Suppose -t + 52 = 4*t + 2*p, -4*t + 4*p + 64 = 0. Let k be j(t). Let s = k + 46. What are the prime factors of s?
2, 5
Let i be 1529/(-33) + 4/3. Let l = -49 - i. What are the prime factors of 952/12 + l/3?
2, 3, 13
Let b be 2/(-18) + 259/63. Let z(c) = -7 - b*c**3 + 9*c**2 - 2*c + 12*c**3 - 7*c**3. What are the prime factors of z(-8)?
73
Suppose 3*v - 15*l = -13*l + 227, -v + 70 = 5*l. List the prime factors of (-6)/15 - 3*(-11435)/v.
457
Let z(f) = 7*f - 1 + 121*f**2 - 93*f**2 + 0. What are the prime factors of z(-6)?
5, 193
List the prime factors of 15*1/(-3) - (-8100 - -2).
8093
Let t be 20/50 - (-34508)/(-20). Let j = 2600 + t. List the prime factors of j.
5, 7
List the prime factors of 11709*42/15 - (-12)/(-45 - 15).
5, 79, 83
Let u = -18 - -22. Suppose -427 + 2930 = 2*h - z, -u*z = 4*h - 5036. Suppose b + 10*b = h. What are the prime factors of b?
2, 3, 19
Let f = 521 + -566. List the prime factors of (-19310)/(-18) - 10/f - -2.
5, 43
Let x be (-2 - 5/6)/(7/(-42)). Suppose -26*w + x*w + 666 = 0. List the prime factors of w.
2, 37
List the prime factors of (-10 - (-210)/20)*(31959 + 5).
2, 61, 131
Suppose -294*a + 289*a = -15. Suppose m + 42 - 204 = 4*o, a*o - 15 = 0. List the prime factors of m.
2, 7, 13
Suppose 0 = -116*y + 111*y + 36495. List the prime factors of y.
3, 811
Let f(v) = 44*v**2 + v - 3. Let z be f(2). Suppose 0 = -2*q - 10, -4*q + z = -4*l - 985. Let r = -159 - l. List the prime factors of r.
2, 17
Let j be 2*-5*(6 + -9). Let n be ((-3)/(-3))/((-5)/j). Let s(p) = p**2 + 2*p - 19. What are the prime factors of s(n)?
5
Suppose -68*j + 5*i - 4745 = -71*j, -4*j = -2*i - 6344. What are the prime factors of j?
5, 317
Suppose l = -5*a + 15, 9 = 9*l - 13*l + 3*a. Suppose l = -6*t + 3509 + 985. List the prime factors of t.
7, 107
Let h be 2/(-5) + 1821/15. Suppose 30*i + 47 = z + 28*i, -141 = -3*z - 2*i. Let c = z + h. What are the prime factors of c?
2, 3, 7
Let g be -6*(3 - (-183)/(-18)). Let f = 160 - g. List the prime factors of f.
3, 13
Let m = 389 - 253. Let a = 220 - m. List the prime factors of a.
2, 3, 7
Let h = -3906 - -15268. List the prime factors of h.
2, 13, 19, 23
Suppose 2*u + 5*n = 37687, 22*u - 75269 = 18*u + 5*n. List the prime factors of u.
2, 9413
Let g be (-45)/105 + ((-7188)/(-14) - 0). Let w = g - 187. Suppose 3*z - 4*h - 247 - 249 = 0, -2*z + w = 2*h. List the prime factors of z.
2, 41
Let y be (-52)/(-182) - 7/((-147)/123600). Suppose 11*k + y = 17*k. List the prime factors of k.
3, 109
Let k(s) = 27*s - 26. Let a(g) = 5*g - 5. Let c(j) = 11*a(j) - 2*k(j). Let n be c(13). Suppose 0 = -n*o + 6*o + 1060. What are the prime factors of o?
5, 53
What are the prime factors of ((-2)/4*5)/(((-76)/1592)/19)?
5, 199
Let h(d) = -313*d + 3478. List the prime factors of h(-31).
7, 269
Suppose 12*g = -0*g - 0*g. Suppose 0 = -2*k + 5*h + 886, g = 5*k - 3*h - 1398 - 779. What are the prime factors of k?
433
What are the prime factors of (-4 - -7*33)/(4/76)?
19, 227
Let s = 340 - 340. Suppose s = 29*n - 35*n + 3366. List the prime factors of n.
3, 11, 17
Suppose 221*v - 216*v - 3*f - 73730 = 0, -4*f + 73730 = 5*v. What are the prime factors of v?
2, 73, 101
List the prime factors of 1*((-8)/68 - (-509967)/153).
3, 11, 101
Suppose 3*h = 14 + 7, 5*h + 45033 = 4*l. What are the prime factors of l?
19, 593
What are the prime factors of 35/((-595)/(-1292))*16/2?
2, 19
Suppose b + b = p + 82, b - 3*p - 46 = 0. What are the prime factors of (b/(-28))/(1/(-84))?
2, 3, 5
Let d(f) = 6*f**3 - 17*f**2 + 57*f - 546. List the prime factors of d(19).
2, 29, 613
Let o(f) = -f**3 - 4*f**2 - 6. Let p be o(-5). Let v = 22 - p. Suppose 5*c = -4*r + 389, 3*r - 145 = v*c + 140. What are the prime factors of r?
2, 3
Suppose 699*l - 704*l + 3*b = -62023, -3*l + 37227 = -4*b. What are the prime factors of l?
12401
Let b(y) = -9090*y**3 - y**2 + 56*y + 56. List the prime factors of b(-1).
61, 149
Let o = -19 + 22. Suppose 4*r - 15 + 3 = 0, -1461 = -5*l + o*r. List the prime factors of l.
2, 3, 7
Let u(m) = 126*m**2 - 9*m + 9. Let a be (15/6 - 3 - 0)*-4. Let b be u(a). What are the prime factors of 0 + b/(-18)*(-32)/10?
2, 11
Let m(n) = -n**2 + 32*n - 55. Let u be m(2). Let w = -3 - -3. Suppose w = -5*x + 4*x + u. List the prime factors of x.
5
Suppose -75*x + 5*q = -70*x - 33300, 3*q + 26639 = 4*x. List the prime factors of x.
6659
Let p(c) = -4*c**2 + 136*c - 36. Let v be ((-147)/14)/((-4)/8*1). List the prime factors of p(v).
2, 3, 11
Let n be ((-8)/(-2))/(5 - 308/62